ighest common divisor of h and 9?
9
Let a = 146 + -145. What is the highest common factor of 11 and a?
1
Suppose 0 = 3*n - 161 - 172. What is the greatest common divisor of 74 and n?
37
Suppose 4*j = 2*y - 38, 0*y - 3*j = -3*y + 48. Calculate the highest common divisor of 5 and y.
1
Let x = -20 + 36. Let o = -36 - -65. Let q = o + -27. What is the greatest common divisor of q and x?
2
Let q(p) = -p**3 + p**2 + 2*p + 16. Let d be q(0). Suppose d*c - 17*c = -25. Calculate the greatest common factor of 5 and c.
5
Suppose -3*r - 5*y + 145 = 0, -3*r + y + 45 = -70. Let l be 16/r + (-444)/(-15). What is the highest common divisor of 20 and l?
10
Suppose 0 = 3*p + 1 - 7. Let u(g) = 1 - g**2 - g**p + g**2 + 6. Let q be u(0). Calculate the highest common divisor of 7 and q.
7
Let q be 10/(-6) - (-1400)/12. Suppose -2*z + 184 = 2*z. Calculate the highest common divisor of q and z.
23
Suppose -42 = 84*a - 90*a. Calculate the greatest common factor of 28 and a.
7
Let u(m) = 2*m**2 - 4*m + 3. Let i be u(2). Suppose -2*r + 5*p = 2, -i*r + 0*p = -p - 23. Calculate the greatest common factor of 3 and r.
3
Suppose -j + 21476 - 310 = 4*v, -v = j - 5293. Suppose 5*l - v = -8*l. Calculate the highest common divisor of l and 37.
37
Let d(p) = p**3 + 4*p**2 - 10*p + 10. Let r be d(-7). Let n = 54 - r. Calculate the greatest common divisor of 11 and n.
11
Let y be 35*(4/(-28) + 1). Calculate the highest common factor of y and 6.
6
Let n be 45/27 + (-559)/(-3). What is the highest common divisor of 47 and n?
47
Let a be 4/((5/((-50)/4))/(-3)). Calculate the greatest common divisor of 222 and a.
6
Let y(p) = -p**2 + 6*p + 9. Let d be y(7). Let a be d/(-3) + 3/(18/52). What is the highest common divisor of 48 and a?
8
Let g be (17/3 + -1)/(22/726). Suppose 3*s = 5*s + 110. Let d be 2/10*-2*s. What is the highest common factor of d and g?
22
Suppose -57*s = -26198 - 55198. What is the greatest common divisor of s and 28?
28
Let y = -36 - -78. Suppose 6 = 5*o - 14. Suppose -5*u = 2*p - 27, -o*p = -3*u - u - 12. Calculate the highest common divisor of p and y.
6
Suppose -4*f = -909 - 79. Let v = 1766 - 1753. Calculate the greatest common divisor of v and f.
13
Suppose -3*p = -5*u - 104, -5*p - 3*u + 220 = 24. What is the greatest common factor of p and 95?
19
Suppose -3*y = -h + 24, -4*y = -4*h - 5*y + 83. What is the greatest common divisor of 63 and h?
21
Let v = 61 - 19. Let c be 2 + -1 - (-31 + 2). Suppose 6*b - b = c. Calculate the greatest common divisor of v and b.
6
Let v = -551 - -2295. Calculate the greatest common factor of 4 and v.
4
Let j be 20/12*9/3. Suppose -2*d - 2*s = -450, -241 = j*d + 2*s - 1363. Calculate the highest common factor of 14 and d.
14
Suppose 32*z - 20*z = 1104. Calculate the highest common factor of 322 and z.
46
Let v be (-59)/(-3) + (-2)/(-6). Suppose -17*i - 64*i = -21060. What is the greatest common divisor of v and i?
20
Let c(o) be the third derivative of o**5/60 - o**4/6 + 2*o**3/3 - o**2. Let d be c(5). Let z = -3 + d. What is the greatest common divisor of z and 36?
6
Suppose 5*i - 3*q + 20 = 0, 2*q + 15 = -4*i - 23. Let j = -1 - i. Let b = -944 + 947. What is the greatest common divisor of j and b?
3
Let o(m) = -m**2 + 53*m - 72. Let n be o(47). Calculate the highest common divisor of 75 and n.
15
Suppose 4 + 18 = 4*u + 5*h, 4*h = u + 5. Let w be 1/u - 177/(-9). What is the greatest common divisor of 70 and w?
10
Let r be 4*(0 - -1)/1. Suppose 12 = 4*h - 2*h + 4*n, -3*h + 3*n = 0. Suppose 0 = -2*q, -i - 16 = -5*i + h*q. What is the greatest common divisor of i and r?
4
Suppose -s = -5*k - 11 - 11, s - 3*k - 16 = 0. Suppose 2*t = -0*t + 14. What is the greatest common divisor of t and s?
7
Let g(x) = 5*x**2 - 4*x + 2. Let w be g(-5). Let c be -93 - ((-1)/(-2))/(4/(-8)). Let h = w + c. What is the highest common factor of 11 and h?
11
Let p = -23 + 14. Let v be (3 - (-3 - p)) + 20. Suppose -3*o - 21 = -3*f, f + 4*o = -o - v. What is the greatest common divisor of f and 9?
3
Let b be (-70)/(-21)*32*3. Let s be ((-352)/(-10))/(8/b). Let l be s/20 - (-6)/(-15). Calculate the greatest common factor of 14 and l.
14
Let p be ((-3 + -16)*2)/(-2). Suppose 2*k + 5 = p. What is the greatest common divisor of k and 14?
7
Let q(y) = 3*y + 2*y**2 - y + 1 + y + 2. Let a be q(-3). Calculate the greatest common factor of 60 and a.
12
Suppose 3*v = 8*v + 2*j - 741, -j + 3 = 0. Calculate the highest common factor of v and 49.
49
Suppose 63*v = 88931 + 12562. Calculate the greatest common divisor of v and 9.
9
Let j(l) = 7*l**2 + 108*l - 39. Let q be j(-16). Calculate the highest common factor of 800 and q.
25
Let x = -2 + 21. Suppose 5*r + n = 283, -3*r + 3*n - 5*n + 167 = 0. What is the highest common factor of r and x?
19
Let n = 1309 - 1308. Calculate the greatest common factor of n and 16.
1
Let t(o) = -o + 5. Let d be t(6). Let b be (6 + -2)*(d + 0). Let x = b + 10. What is the highest common factor of 24 and x?
6
Let f(p) = -p**2 + 28*p - 20. Let r be f(11). Let g = r + -92. Calculate the highest common divisor of g and 15.
15
Suppose -11*y = 25*y - 36. Calculate the highest common factor of 27 and y.
1
Let a(v) = -v + 17. Let k be a(13). Suppose -3*g = -2*r - 126, -k*g + 71 = -4*r - 97. Calculate the highest common factor of g and 6.
6
Let u(w) = w**3 + 5*w**2 - 4. Suppose -2*g = g + 15. Let y be u(g). Let c be -2*1*18/y. Calculate the highest common divisor of c and 6.
3
Suppose 29*y - 46*y = -102. Calculate the greatest common factor of 78 and y.
6
Let x be ((-15)/(-9))/(7/21)*3. What is the greatest common divisor of 3 and x?
3
Let h = 23 - 21. Let v(i) = -31*i**3 + 2*i**2 + 2*i + 1. Let s be v(-1). Calculate the greatest common divisor of s and h.
2
Suppose -72 = -27*u + 333. Calculate the greatest common factor of u and 21.
3
Suppose -60 = -5*k + 2*q + 3*q, 48 = 3*k + 3*q. Let d be 5/(10/(-24)) - 1. Let y = d + k. Calculate the greatest common factor of 7 and y.
1
Let z(t) = -5 + 0*t + 1 + 4*t + t**2. Let c = -86 - -80. Let x be z(c). What is the highest common divisor of 16 and x?
8
Let l = 2 + 70. Suppose -3*x + 3 = -3. Let b be ((-6)/(-4))/(x/12). What is the greatest common factor of b and l?
9
Suppose -3*y - 48 = -w, 2*w = w + 2*y + 52. Suppose 0 = -5*u + 3*u + w. Calculate the greatest common divisor of 330 and u.
30
Let v be 14/7*2/(-4) - -310. Suppose v = -7*a + 1821. Calculate the highest common divisor of 24 and a.
24
Let g(r) = r - 2 + 5 - 2. Let u be g(5). Suppose 0 = -2*d - 5*o + 9, -4*d - o + u = -3*o. Calculate the greatest common divisor of 8 and d.
2
Let j be 20/30*-1 - 1016/(-3). What is the highest common factor of j and 26?
26
Suppose 27 = 5*y - 23. Suppose 3*f + w + 21 = 0, -f - 3*w = -3*f - 3. Let z be f*y*(-5)/3. Calculate the greatest common factor of 40 and z.
20
Suppose -636 = -4*c - 3*a, -2*a = a + 12. What is the highest common divisor of 36 and c?
18
Let i(u) = -4*u + 13. Suppose 17*s - 11*s = 7*s. Let l be i(s). Calculate the highest common divisor of 221 and l.
13
Suppose 2*o + 360 = 4*j - 0*o, 270 = 3*j - 4*o. Suppose 128 = 11*z - 70. What is the highest common divisor of j and z?
18
Suppose 5*h + 20 = 0, -2*g + h = -30 - 52. Let o be (-1952)/(-5) + 6 + (-352)/55. What is the highest common factor of o and g?
39
Let z be ((-110)/(-11))/(4/(-56)*-1). What is the greatest common divisor of z and 196?
28
Suppose -t = -0*t - 3. Let k(a) = -a**2 + 9. Suppose 58*z = 60*z. Let m be k(z). What is the greatest common factor of m and t?
3
Let q(d) = 3*d**2 + 19*d - 114. Let g be q(4). What is the greatest common divisor of 54 and g?
2
Suppose -47*h + 44*h = -63. Suppose 2*w = -4*x - w + 9, -5*x - 2*w = -13. What is the greatest common factor of h and x?
3
Let l = -14 + 41. Let g(x) = 2*x - 1. Let a be 8/(-2) + 14 - 5. Let p be g(a). Calculate the greatest common divisor of l and p.
9
Let u be (-5745)/(-45) + 3/9. What is the greatest common factor of u and 8?
8
Let p(a) = a**3 + 6*a**2 - 5. Let b be p(-5). Suppose -b = -4*q - n, -2*n = -5*q - 0*n + 12. Let v = 1637 - 1631. What is the highest common divisor of v and q?
2
Let n = 2732 + -2292. What is the greatest common divisor of n and 99?
11
Suppose z = 6*z - 10. Suppose -s + 34 = -4*h, 2 = -z*s + 2*h + 40. Let d = -5 + s. What is the highest common factor o